 - 70/(-6).
11
Suppose -8 = -2*r + 2. Suppose -3*f + n + 0*n + 56 = 0, 4*f - r*n = 60. What are the prime factors of f?
2, 5
Suppose 0*w + 2 = 2*w. Suppose o - 12 = w. List the prime factors of o.
13
Let l(s) = -38*s - 55. What are the prime factors of l(-6)?
173
Let l be (-730)/(-8) - (-9)/12. Suppose -h + 5*h - l = 0. What are the prime factors of h?
23
Let s = 220 - 143. List the prime factors of s.
7, 11
Let q = 4 + -5. List the prime factors of 3/1 - (q + 2).
2
Let j(g) = -g**2 + g - 28. Let i be j(0). Let l = i + 65. What are the prime factors of l?
37
Let a = 3 + 7. Suppose -4*d - 3*r - r + 36 = 0, -2*r - a = 0. List the prime factors of d.
2, 7
Let v = -7 + 6. List the prime factors of 20*(2 - v/(-2)).
2, 3, 5
Let q(o) = 3*o**3 - 4*o**2 + 3*o. Let u be q(2). Suppose 30 = 5*i + 4*m - u, 0 = 5*m + 20. List the prime factors of i.
2, 3
Let g(b) = -b + 5. Let y be g(5). Suppose c + 2*o - 14 = y, c + 37 = 4*c + o. What are the prime factors of c?
2, 3
Suppose 4*a + 108 = 10*a. List the prime factors of a.
2, 3
List the prime factors of ((-18)/3)/(-2) - -97.
2, 5
Suppose -2*g = b + b - 16, -5 = -5*b. Let r(j) be the second derivative of -j**5/20 + 2*j**4/3 - 2*j**3/3 - 5*j**2 - 32*j. What are the prime factors of r(g)?
11
Let d = 141 - 71. List the prime factors of d.
2, 5, 7
Let v(s) = -2*s**3 - 35*s**2 + 5*s + 7. List the prime factors of v(-18).
241
Let w be 40/(-1 + 3/2). Suppose -3*x = x - w. Let v = x - 13. List the prime factors of v.
7
Suppose -9 = -5*w + 1. Suppose -3*m = -2*v + w, 27 = -3*v - 6*m + 3*m. Let l = -3 - v. What are the prime factors of l?
2
Let g be (-86)/(-8) + 1/4. Let m(i) = -i - 10. Let d be m(-10). Suppose -5*c + g + 9 = d. List the prime factors of c.
2
Let m = 15 + -3. List the prime factors of m.
2, 3
Suppose -2*c + 64 = 3*p + 9, -2*p - 10 = 0. List the prime factors of c.
5, 7
Let x = -40 - -42. Let b = -13 - -31. Suppose -n + b = x*n. List the prime factors of n.
2, 3
Suppose 5*k - 20 = 4*w - 59, 2*k + 12 = w. Let u be 0 - (w + -3 + 19). Let r = 41 + u. List the prime factors of r.
19
Suppose -3*q = -q - 2. Let j be 0/((-4 - -2) + q). Suppose 0 = -2*x + f - j*f + 9, 0 = -x + f + 3. List the prime factors of x.
2, 3
Suppose f = 2 + 1. Let p(i) = 3*i. List the prime factors of p(f).
3
Let g = 9 - 6. Suppose 2*l - g*j = 2*j - 3, 9 = -l + 4*j. List the prime factors of l.
11
Suppose -19 = -2*v + 23. Suppose x = -l, -l - 2*l - 5*x - 10 = 0. Suppose 2*s + v = l*s. What are the prime factors of s?
7
Suppose 4*j - 8 = 312. What are the prime factors of j?
2, 5
Suppose 3*j + j + 24 = 0. Let s be 0*((-9)/j - 2). Suppose -3*d + s*d + 9 = 0. List the prime factors of d.
3
Let h(s) = 2*s**3 + 2*s**2 - 3*s - 2. Let g be h(-2). What are the prime factors of (-3)/g - (-285)/20?
3, 5
Let k = -2 + 4. Suppose k*f + 2*u - 28 = -0*f, -3*u + 62 = 5*f. List the prime factors of f.
2, 5
Let o = 296 + -113. What are the prime factors of o?
3, 61
Let v(l) = 6*l**2 + 1. Let q be v(1). What are the prime factors of (-2)/q - (-200)/14?
2, 7
Suppose -30 = -5*b + 5*w, -3*b + 22 = -0*w - 4*w. Suppose 0 = -3*x + 9, 3*r - 33 = b*r - 3*x. What are the prime factors of r?
2, 3
Let q be ((-13)/3)/((-2)/12). Suppose -3*r - 52 = -s, -5*s - 2*r - 22 = -197. Let j = s - q. What are the prime factors of j?
11
Let m be (2/3)/((-4)/6). Suppose -2*c - 12 = 2*a, 0*c + 5*c + 9 = 2*a. What are the prime factors of a + -2 + m + 21?
3, 5
Suppose -7*i + 3*k = -2*i - 408, -324 = -4*i + 3*k. List the prime factors of i.
2, 3, 7
Let r = 633 + -432. List the prime factors of r.
3, 67
Let u(b) = -b**3 + 6*b**2 + 7*b + 3. Let h(w) = -2*w**3 + 7*w**2 + 8*w + 3. Let l(s) = 2*h(s) - 3*u(s). What are the prime factors of l(-3)?
3
Let d be ((-1)/(-2))/(2/88). Let b(q) = q**3 + 3*q**2 - 8*q - 6. Let f be b(-5). Let u = d + f. List the prime factors of u.
2, 3
Let i = -13 + 28. Suppose 0 = -5*c + i. List the prime factors of 1 + (c - -3) - 2.
5
Suppose -12 = -0*d - 4*d. Suppose 11 = -d*q - 10. What are the prime factors of 4/14 - 26/q?
2
Suppose 4*o - 29 = 63. Suppose -o = -3*y + 13. What are the prime factors of y?
2, 3
Suppose -4*j + m - 20 = -0*m, 8 = 2*m. Let y = j - -9. What are the prime factors of y?
5
List the prime factors of -3 + (-4)/(80/45)*-104.
3, 7, 11
Let g(d) = -5*d. Let z = 10 - 7. Suppose 5*j = -4*h + 3*h - 16, -5*h = -z*j - 4. List the prime factors of g(h).
5
Let z(v) = v**2 + 4*v - 2. Let a(k) = -k**2 - 5*k + 2. Let r(s) = -4*a(s) - 3*z(s). Let f be r(-8). List the prime factors of f - -5 - (-5 + -1).
3
Let j = 5 - 2. Suppose -2*d - 4*u = -5*d + 12, j*d + 9 = -3*u. Let m = d - -8. List the prime factors of m.
2
Let b be (9/6)/(3/4). Suppose -4*n + g = 97, n + 0*g + 31 = -b*g. Let w = n + 35. List the prime factors of w.
2, 5
What are the prime factors of (3*-161)/((27/(-2))/9)?
2, 7, 23
Suppose -3*h + 30 = 2*u, -u = 5*h + 3*u - 52. What are the prime factors of h?
2
Let b(v) = -69*v - 11. List the prime factors of b(-3).
2, 7
Let i(t) = 15*t. Let y be -1 + 1 + (2 - 0). List the prime factors of i(y).
2, 3, 5
Let c = -91 - -136. List the prime factors of c.
3, 5
Let w(o) = 2*o**2 - o + 1. Let p be w(1). Suppose -a - p*b + 12 = -3*b, 1 = b. What are the prime factors of a?
13
Let v = -9 - -11. Let h = -1 + v. List the prime factors of (-2)/h - (4 + -22).
2
Let o be 6/4*40/6. Let z be 2868/o + 2/10. What are the prime factors of 6/8 + z/28?
11
Let b = 1106 + -753. List the prime factors of b.
353
Suppose 0*l = 5*l + 4*g - 610, -484 = -4*l - 4*g. List the prime factors of l.
2, 3, 7
Suppose 6*f - 43 = 563. What are the prime factors of f?
101
Let a = 2 + 0. Suppose -9 = -4*s - 3*z, -a*s + 10 = 2*s + 2*z. Let l = s - 0. What are the prime factors of l?
3
Let g(c) = -c**2 - 7*c + 4. Suppose 4*t - 102 = j, -34 = t - 2*t - 4*j. Suppose 3*k = -4*z - t, -4*z = -k - 4*k - 22. List the prime factors of g(k).
2, 5
Suppose -p + 76 = 3*p. List the prime factors of p.
19
List the prime factors of ((-90)/(-8))/((-72)/(-768)).
2, 3, 5
Let t = -92 + 94. What are the prime factors of t?
2
Suppose 2*v - 3 = -i, 0 = 3*v - v + 2*i - 8. Let c(u) = -28*u**3 - u**2 + u + 1. Let h be c(v). Let f = -16 + h. List the prime factors of f.
11
Let g(h) be the third derivative of h**5/60 + 11*h**4/24 - 4*h**3/3 + 3*h**2. What are the prime factors of g(-14)?
2, 17
Suppose -704 = -9*d + 5*d. List the prime factors of d.
2, 11
Suppose -5*a = 54 + 16. Let p be 8*(a/(-4) + -3). Suppose 4*z - p*x = 44 - 12, 1 = 2*z - 5*x. List the prime factors of z.
13
Let i be 3*(-1 + (-4)/(-3)). Suppose 161 = 4*k + i. Suppose -j + k = 3*j. What are the prime factors of j?
2, 5
Let w be (-3)/12 - (-418)/8. Let g be (-1)/(-4) + w/(-16). Let t(m) = -5*m - 4. List the prime factors of t(g).
11
Let p = 139 - -118. What are the prime factors of p?
257
Let j be (-2*(-27)/(-6))/(-1). Let z = 15 - j. List the prime factors of z.
2, 3
Suppose 2*q = 3*u + u + 98, 5*u - 28 = -q. List the prime factors of q.
43
Let n = -8 - -9. List the prime factors of (10/30)/(n/78).
2, 13
Let y(o) = -o**3 + 4*o**2 + 3*o + 1. Let m be y(5). What are the prime factors of (m/(-15))/(3/15)?
3
Suppose t + 23 = 2*h - 42, -125 = -4*h + 3*t. What are the prime factors of h?
5, 7
Let y(o) = o**3 + o**2 - 3*o + 3. Let t be (16/(-12))/(2/(-3)). Let x be y(t). Suppose 5*c + x = 64. What are the prime factors of c?
11
Let a = -5 + 10. Suppose -5*h + 45 = a*r, -3*h + 50 = h - 3*r. What are the prime factors of h?
11
Suppose 3*l - 2*v - 15 = 0, -18 = -2*l + 7*v - 3*v. What are the prime factors of l?
3
What are the prime factors of 121 - 1 - (-11 - -8)?
3, 41
Let r(s) = s**2 + 3*s + 6. Let d be (48/15 - 2)*-5. Let x be r(d). Suppose -y + 6*k = k - x, 0 = -3*y + k + 30. What are the prime factors of y?
3
Let o(i) be the first derivative of i**4/4 + 8*i**3/3 + 4*i**2 + 7*i - 1. List the prime factors of o(-6).
31
Let t(g) be the first derivative of -g**4/4 + 5*g**3/3 - 3*g**2/2 - g + 5. What are the prime factors of t(4)?
3
Suppose -17 = -3*m + 1. Suppose 6*c = 4*c + m. List the prime factors of c.
3
Suppose 0*k + 10 = 5*k. Let q(c) = 8*c**3 - 2*c**2 - 4. What are the prime factors of q(k)?
2, 13
Let u = -26 + 118. Suppose 2*w = -2*w + u. What are the prime factors of w?
23
Let m(u) = -2*u**3 - 5*u**2 - 2*u + 4. Let l = 7 - 10. What are the